3. Let z be w(10). Calculate the greatest common divisor of z and r.
17
Suppose 10*q = -40 + 80. Calculate the greatest common divisor of 6 and q.
2
Let j = 15 - 6. Let n be (j/(-2))/(4/(-16)). Let p = -8 + n. Calculate the highest common divisor of 4 and p.
2
Let h = 62 + -43. Let n = 139 + -22. Let p = n + -22. What is the greatest common factor of h and p?
19
Let z(h) = 12*h - 1. Let o be 2 - 0 - (-4)/(-1). Let x be z(o). Let k be (x/(-4))/(1/8). Calculate the greatest common factor of k and 5.
5
Let v(z) = -z**2 + 53*z - 191. Let m be v(45). Calculate the highest common factor of 26 and m.
13
Let r be ((-9)/(-2))/((-2)/(-12)). Let y be 6/r - (-187)/9. Let q be (7/4)/(10 - (-948)/(-96)). What is the greatest common factor of y and q?
7
Let c(v) = v**2 - 5*v - 7. Let h be c(7). Let o be -2 - -3 - -1*16. Suppose -4*l = -o - h. Calculate the highest common divisor of 3 and l.
3
Suppose 4*l - 6*c + 4*c + 2 = 0, l - 2*c = -8. Calculate the greatest common factor of l and 376.
2
Let o(m) = -m**3 + 22*m**2 + 49*m + 2. Suppose 128 = 4*r + r + 4*k, -2*r + 2*k = -44. Let b be o(r). Calculate the highest common factor of b and 208.
26
Suppose 0 = -9*w + 4*w + 75. Let u(g) = -g**2 + 15*g - 2. Let h be u(w). Let x be h/(((-21)/(-6))/(-7)). What is the greatest common divisor of x and 12?
4
Suppose -727 = -5*x - 0*j - j, 4*x - 590 = 2*j. Let l = x - 55. Calculate the greatest common factor of 26 and l.
13
Let s = -735 - -744. Calculate the greatest common factor of s and 72.
9
Suppose -2*k + 33 = -z, k + 54 = 4*k - 3*z. Let l = k - 3. Suppose 15 = -0*r + 5*r. What is the highest common factor of r and l?
3
Suppose 0 = 16*g - 331 - 709. Calculate the highest common divisor of g and 416.
13
Let j be (-2)/10*0 - -3. Suppose j*f + 0*f = 21. Suppose 0*q - q = -35. What is the greatest common factor of q and f?
7
Suppose 93*g - 87*g = 13284. Calculate the greatest common factor of g and 82.
82
Let k = -2 - 4. Let x be 16/6 - (-4)/k. Let m be 1 - 4 - (x - 6). Calculate the highest common factor of 11 and m.
1
Suppose 0 = -191*c + 193*c - 64. Calculate the greatest common divisor of c and 144.
16
Let h be -4 + 3 - 1*-17. Suppose 0 = -y - 3 + h. Let q = 25 - y. Calculate the highest common divisor of q and 6.
6
Suppose 2*k = h + 18, -23*k - 5*h - 41 = -26*k. Calculate the highest common divisor of 133 and k.
7
Suppose 2*l = 7*l - 3*t - 399, 2*t + 6 = 0. Calculate the greatest common divisor of l and 6.
6
Suppose -3*u - 7 = -4*d + 6, 5*u - 5*d + 15 = 0. Suppose -k - 11 = -2*c - 4*k, -u = -c - 3*k. What is the greatest common divisor of 70 and c?
10
Let m(i) = 246*i**2 + 420*i. Let w be m(-2). Let f be ((-8)/(-2))/((-1)/(-12)). What is the highest common factor of f and w?
48
Let p be (-1 - -10) + 2 + 1. Let m(f) = -f**3 - 3*f**2 - f + 2. Let c be m(-2). Suppose c = 4*o - 0*o - 12. Calculate the greatest common factor of o and p.
3
Suppose -38*g = -1189 - 103. Calculate the greatest common factor of g and 510.
34
Let u be 2*12 - (-1 + 1). Suppose -35*t + 13464 = 16*t. Calculate the highest common factor of u and t.
24
Let m = 430 + -407. Calculate the greatest common factor of 575 and m.
23
Suppose l + 4*g = -l + 1260, 0 = 3*l + 5*g - 1894. Calculate the greatest common divisor of 58 and l.
58
Let o(v) = 2*v**2 + 3*v - 4. Let a be o(-3). Suppose 5*t + r + a = 139, t - 6 = 5*r. Calculate the greatest common divisor of t and 13.
13
Suppose 0 = 4*f - x - 0*x - 44, -2*x = f - 2. Suppose -f*s + 22 = -8*s. Calculate the highest common divisor of 121 and s.
11
Let z(a) = a**3 - 3*a**2 + 3*a - 2. Let o be z(5). Suppose 0 = -28*m - 47*m + 26*m + 343. Calculate the greatest common factor of o and m.
7
Suppose 5*h = 363 + 12. Let d(l) = -l**2 + 21*l - 24. Let t be d(18). What is the highest common divisor of h and t?
15
Let x be 0 - (6/2 - 0). Let t be (0 - -58) + (x - -5). What is the highest common factor of 20 and t?
20
Let k(w) = -2*w**2 - 50*w - 9. Let x be k(-24). What is the greatest common factor of x and 559?
13
Let h(o) = -o - 3. Let y(v) = -6*v - 15. Let q(d) = -11*h(d) + 2*y(d). Let m be q(0). Calculate the highest common divisor of 33 and m.
3
Let v(z) = -z + 72. Let q be v(0). Calculate the highest common factor of 18 and q.
18
Suppose 2*u - 5*x = 34, -5*x = -0*u + u - 17. Let s = -12 - u. Let v = -24 - s. Calculate the highest common divisor of 1 and v.
1
Let b(j) = -j**2 - 3*j + 19. Let q be b(-6). Let x be (-18)/(-54) - (-14)/3. Calculate the highest common factor of x and q.
1
Suppose 2*m = -m + 6. Suppose -592 = -4*x + 2*f, x + m*f = 3*x - 292. Let t be x/24 - (-2)/(-8). What is the highest common divisor of 15 and t?
3
Let i = 9 - -6. Suppose 0*k - k + 3*g + 10 = 0, 0 = 4*k - g + i. Let x(n) = -4*n - 4. Let v be x(k). What is the greatest common factor of v and 40?
8
Suppose s - 24 = -s - 4*q, -3*s - 2*q = -28. Let u be 906/26 - s/(-52). Let x be (-30)/(-40) - 85/(-20). What is the greatest common divisor of u and x?
5
Let s be (-3)/1*(1 + (-3 - 1)). Suppose 2*i + 158 = 3*m, 0 = -m + 5*i + s + 35. Calculate the greatest common divisor of 9 and m.
9
Let o(u) = u**3 + 11*u**2 - 7*u - 3. Let f be o(-11). Calculate the highest common factor of f and 333.
37
Let b be 5*-2*-6*1/(-15). Let g = 5 + b. What is the highest common divisor of 7 and g?
1
Let y be ((-30)/(-35))/((-2)/(-154)). Suppose f = 4*f - y. Let d = -38 - -93. What is the highest common divisor of f and d?
11
Let k(a) = a**2 + 10*a + 17. Let g be k(-8). Suppose -3*z + 6 = -0*z. What is the greatest common divisor of g and z?
1
Let o = -250 - -314. Calculate the greatest common divisor of o and 128.
64
Let l(k) = k**2 + 4*k + 50. Let v(q) = -q**3 + 16*q**2 - 2*q + 17. Let t be v(16). Let b be l(t). What is the highest common factor of 43 and b?
43
Let g = 145 + -91. Let u(m) = -14*m - 761. Let k be u(-64). Calculate the highest common divisor of k and g.
27
Let t(a) = -287*a**3 - a**2 + 2*a + 3. Let j be t(-1). What is the greatest common divisor of j and 82?
41
Let i be (22/6)/(1/(-27)). Let c = 195 + i. Suppose -t + c = -149. Calculate the greatest common factor of 35 and t.
35
Suppose 12*v - 188 = 8*v. Suppose -p + 6*p = -3*m + v, 0 = m - p - 21. What is the greatest common divisor of m and 38?
19
Suppose 6*w = -3*a + w + 414, -4*a = -5*w - 587. What is the highest common factor of a and 13?
13
Suppose -2*h + 4*h + 2*g - 800 = 0, 0 = -g + 1. What is the highest common divisor of h and 21?
21
Let s = 25 + -54. Let d = s - -17. Let r = d + 45. What is the highest common divisor of r and 3?
3
Suppose h + 4*h - 25 = 0, 2*h = 4*o - 1354. Let v = 39 - 8. Calculate the highest common factor of v and o.
31
Let b(j) = 2*j. Let m be b(2). Suppose a + m - 12 = 0. What is the greatest common factor of 216 and a?
8
Let w = -6 - -11. Suppose -55 = -w*r + 5. Let x(f) = -18*f. Let m be x(-2). Calculate the highest common factor of r and m.
12
Let k = -844 + 578. Let w = -112 - k. Calculate the greatest common divisor of w and 14.
14
Let y be (22*6/48)/(2/128). What is the greatest common factor of y and 11?
11
Let f(c) = -2*c**3 + c**2 - 6*c - 5. Let s be f(-3). Let q = -20 + s. What is the highest common factor of q and 7?
7
Let q(s) = -s - 4. Let b be q(13). Let h = -13 - b. Calculate the highest common divisor of 12 and h.
4
Let o be (8 + 55)*(-3 - -8). What is the highest common divisor of 35 and o?
35
Suppose 0 = -10*m + 966 + 1224. What is the greatest common divisor of 73 and m?
73
Let z(c) be the second derivative of c**3 - c**2 - 2*c. Let p = 18 - 12. Let d be z(p). Calculate the greatest common divisor of d and 85.
17
Let v = 539 - 318. What is the highest common factor of v and 34?
17
Let v(d) = -1 - 13*d**2 + 2*d - 4*d**2 + d**2 + 39 - d**3. Let j be v(-16). Calculate the highest common divisor of 36 and j.
6
Let t(w) = 2*w**3 + w**2 + 5*w + 7 - 3*w - 6*w**3 - 1. Let g be t(-2). Calculate the highest common factor of 152 and g.
38
Suppose 3*q = -3*y + 4*q + 26, y = -4*q - 13. What is the greatest common factor of 7 and y?
7
Suppose 40*p - 478 - 2 = 0. What is the greatest common divisor of p and 81?
3
Let t(s) = s**2 + 12*s + 13. Let k = 34 - 46. Let j be t(k). What is the highest common divisor of j and 26?
13
Let c(r) = -r**2 + 36*r - 38. Let t be c(34). Calculate the highest common factor of 